8782?
False
Does 23 divide 1117655695?
False
Is 779 a factor of 25305966?
False
Does 67 divide 1248001161?
True
Does 83 divide 4307861889?
False
Is 6455475 a multiple of 39?
True
Is 129 a factor of 532208205?
True
Is 19 a factor of 69658295?
False
Is 6244080 a multiple of 16?
True
Is 1991 a factor of 45679513?
True
Does 5553 divide 88245257?
False
Is 333806748 a multiple of 12?
True
Is 1986 a factor of 65143887?
False
Is 32257197 a multiple of 27?
True
Is 584745490 a multiple of 835?
True
Is 768631008 a multiple of 1212?
True
Is 736 a factor of 3047776?
True
Does 8703 divide 1055273732?
False
Is 27 a factor of 165548151?
True
Is 2090 a factor of 18339750?
True
Is 30116660 a multiple of 35?
True
Is 57 a factor of 1490780394?
True
Is 24 a factor of 12740508?
False
Is 18379125 a multiple of 2883?
True
Is 4201871 a multiple of 78?
False
Does 1384 divide 2479733?
False
Does 26 divide 1124697132?
True
Does 976 divide 469770272?
True
Is 2941658250 a multiple of 250?
True
Is 26611596 a multiple of 3?
True
Is 1091 a factor of 3453693886?
False
Is 35302620 a multiple of 20?
True
Does 852 divide 15902514?
False
Is 40456462 a multiple of 313?
False
Is 171 a factor of 148594220?
False
Is 35340276 a multiple of 431?
True
Does 693 divide 171298512?
True
Is 117 a factor of 39647205?
True
Is 450528000 a multiple of 1425?
True
Does 3848 divide 159703215?
False
Is 5753928480 a multiple of 54?
False
Does 341 divide 8405274?
False
Is 1558824378 a multiple of 122?
True
Is 265223688 a multiple of 1544?
True
Is 8 a factor of 9842299?
False
Is 301934967 a multiple of 3721?
False
Is 4956 a factor of 600335148?
True
Is 168195488 a multiple of 2?
True
Does 20 divide 349828159?
False
Does 37 divide 146908?
False
Is 115 a factor of 654101370?
True
Is 2072 a factor of 1682522016?
True
Is 159 a factor of 37426440?
False
Does 2428 divide 149801343?
False
Is 9215249 a multiple of 257?
True
Is 311 a factor of 5973007?
False
Is 11027853 a multiple of 86?
False
Does 69 divide 176704170?
True
Is 7908052 even?
True
Is 3387 a factor of 31698935?
False
Does 35 divide 92098440?
True
Does 1597 divide 14263352?
False
Is 8 a factor of 116211193?
False
Is 60304234 a multiple of 122?
True
Is 35 a factor of 11056028?
False
Does 7 divide 144575368?
True
Is 1606786218 a multiple of 1006?
True
Is 496923530 a multiple of 16?
False
Is 67 a factor of 292363746?
True
Does 334 divide 99709020?
True
Does 17 divide 6548780341?
True
Is 4477122 a multiple of 689?
True
Does 20 divide 2342168000?
True
Is 29 a factor of 128090216?
True
Is 46 a factor of 1583286640?
False
Is 1823 a factor of 2988199280?
False
Does 442 divide 430256060?
True
Does 15 divide 247151985?
True
Is 10 a factor of 471182441?
False
Does 50 divide 190280185?
False
Is 1065 a factor of 38434785?
True
Is 230852963 a multiple of 6?
False
Does 62 divide 4455968?
False
Does 261 divide 563053212?
True
Does 366 divide 78918166?
False
Is 1058 a factor of 1907901?
False
Does 1773 divide 32071797?
True
Is 1051201762 a multiple of 1092?
False
Is 22003524 a multiple of 420?
False
Is 83862484 a multiple of 306?
False
Is 11789424 a multiple of 228?
True
Does 15 divide 594157920?
True
Is 8 a factor of 101111568?
True
Is 193 a factor of 6689959?
True
Is 21355000 a multiple of 3?
False
Does 660 divide 69078934?
False
Does 38 divide 16360824?
True
Is 4781757 a multiple of 2?
False
Does 8 divide 33927312?
True
Is 88990580 a multiple of 119?
True
Is 4 a factor of 3123648?
True
Is 1044819565 a multiple of 44?
False
Does 147 divide 51012234?
True
Does 322 divide 10864799?
False
Does 3379 divide 786366393?
False
Does 87 divide 278205990?
True
Is 1957 a factor of 375715437?
False
Does 544 divide 99694971?
False
Is 291670512 a multiple of 59?
True
Is 3105718746 a multiple of 338?
True
Does 245 divide 46034483?
False
Is 779447715 a multiple of 1979?
False
Is 7 a factor of 12480398?
True
Is 40 a factor of 83954680?
True
Does 807 divide 94820453?
False
Is 72 a factor of 135117350?
False
Does 244 divide 41771092?
True
Is 86 a factor of 72410022?
True
Does 2 divide 2031378?
True
Does 35 divide 43159585?
True
Does 25 divide 746442720?
False
Does 2023 divide 32630941?
False
Does 1068 divide 3717979?
False
Is 118 a factor of 25907547?
False
Is 64972488 a multiple of 318?
True
Is 116490348 a multiple of 2132?
True
Is 280035122 a multiple of 441?
False
Is 104642926 a multiple of 553?
False
Is 6787 a factor of 2200759626?
False
Does 5726 divide 78194256?
True
Is 17963139 a multiple of 291?
True
Does 81 divide 23064345?
True
Is 666196476 a multiple of 23?
False
Is 416 a factor of 331485969?
False
Is 278 a factor of 3492986?
False
Is 126 a factor of 3628377764?
False
Is 8 a factor of 14887562?
False
Does 231 divide 56772638?
False
Is 20 a factor of 333753600?
True
Is 168 a factor of 674906729?
False
Does 4921 divide 5141952900?
True
Is 130533824 a multiple of 124?
False
Is 2830 a factor of 1868127168?
False
Is 257994020 a multiple of 131?
True
Is 14384534 a multiple of 609?
False
Is 1917958216 a multiple of 1919?
False
Is 10 a factor of 797486724?
False
Does 2 divide 1124416?
True
Does 12 divide 87591970?
False
Is 1590 a factor of 17811180?
True
Is 55125900 a multiple of 153?
True
Is 5911261 a multiple of 2?
False
Is 6183 a factor of 4323440600?
False
Is 3689550783 a multiple of 27?
True
Is 819394630 a multiple of 162?
False
Is 28 a factor of 80837831?
False
Is 14300510 a multiple of 43?
True
Does 53 divide 17619543?
False
Does 10057 divide 1988107988?
True
Does 1784 divide 183088352?
True
Is 28842858 a multiple of 4?
False
Is 18555225 a multiple of 65?
True
Does 23 divide 286048405?
False
Is 19 a factor of 269060653?
True
Is 32897380 a multiple of 34?
True
Does 1440 divide 2333846853?
False
Is 37440298 a multiple of 574?
True
Does 276 divide 128132448?
True
Is 19 a factor of 1795538513?
True
Is 116 a factor of 348441612?
True
Is 22157154 a multiple of 666?
True
Is 1641 a factor of 695500681?
False
Is 45 a factor of 531811052?
False
Does 585 divide 245398725?
True
Is 9855049 a multiple of 191?
False
Is 9304531 a multiple of 97?
True
Is 31 a factor of 542147685?
True
Is 5127 a factor of 1161450072?
True
Does 4899 divide 699195078?
True
Is 1579282 a multiple of 373?
True
Does 17 divide 9553456?
True
Is 9 a factor of 19348236?
True
Is 20 a factor of 100769280?
True
Is 4012 a factor of 107452061?
False
Does 52 divide 31340304?
False
Is 153 a factor of 42381459?
True
Is 189 a factor of 92196981?
False
Does 5 divide 664931880?
True
Does 42 divide 194682795?
False
Is 3474624 a multiple of 64?
True
Is 809139522 a multiple of 927?
False
Is 30338150 a multiple of 925?
True
Is 543814850 a multiple of 68?
False
Is 28 a factor of 34556398?
False
Is 14791182 a multiple of 118?
True
Is 9 a factor of 3575587?
False
Is 20 a factor of 500425480?
True
Is 103969205 a multiple of 71?
True
Does 6 divide 852695443?
False
Is 1654363404 a multiple of 9?
True
Does 104 divide 434643144?
True
Is 39 a factor of 1027856973?
True
Does 20 divide 139468500?
True
Is 349 a factor of 684260917?
True
Is 116 a factor of 3766280?
False
Does 29 divide 64407521?
True
Is 240 a factor of 6697159920?
True
Does 10 divide 3043460?
True
Is 1941 a factor of 64388793?
True
Is 14 a factor of 1480265234?
True
Is 223 a factor of 61182992?
False
Is 6244 a factor of 974172904?
False
Is 21723072 a multiple of 294?
True
Is 77 a factor of 1560989?
False
Is 46 a factor of 40286064?
True
Does 16 divide 519931686?
False
Does 53 divide 3264628333?
True
Is 64 a factor of 280796992?
True
Is 45322476 a multiple of 17?
True
Does 11 divide 71753484?
True
Does 1360 divide 90076774?
False
Is 23950682 a multiple of 23?
True
Is 13 a factor of 27991173?
False
Is 4 a factor of 21032092?
True
Is 2436 a factor of 863330600?
False
Is 7 a factor of 27206408?
False
Does 4 divide 23322068?
True
Does 9695 divide 6890983015?
True
Is 2017943813 a multiple of 2334?
False
Is 1208 a factor of 29430504?
True
Does 869 divide 3160928280?
False
Does 14 divide 17906396?
False
Does 176 divide 298427536?
True
Is 800482253 a multiple of 8?
False
Does 291 divide 32717421?
True
Does 1479 divide 172293147?
True
Is 158861100 a multiple of 237?
True
Is 10163598 a multiple of 62?
True
Does 3499 divide 537771807?
True
Is 1254017984 a multiple of 1038?
False
Is 645